te the remainder when w(12) is divided by 37.
35
Let o = 74 - 27. Calculate the remainder when o is divided by 24.
23
Suppose 4*m - 13 - 119 = 0. Calculate the remainder when m is divided by 17.
16
Let z be 0 + (2 - (-2 - 1)). Suppose 5*c + v = 70, -3*c - 2*c - z*v + 90 = 0. What is the remainder when 38 is divided by c?
12
Let y(f) = 5*f - 10. What is the remainder when 28 is divided by y(4)?
8
Let n = 35 + -23. What is the remainder when 46 is divided by n?
10
Let t(g) = g**3 - 9*g**2 + 6*g - 9. Let k be t(6). Let i = k - -122. Suppose 0*o = o - i. What is the remainder when o is divided by 14?
13
Suppose 0 = 17*c - 22*c + 240. What is the remainder when c is divided by 26?
22
Suppose 0 = 5*m + 10, -3*m = 4*f + 2*m - 178. What is the remainder when f is divided by 16?
15
Let l = 85 - 61. What is the remainder when 47 is divided by l?
23
Let c(j) = 10*j + 1. What is the remainder when c(3) is divided by 18?
13
Let x = -9 + 18. What is the remainder when (-10)/(-8) + -2 + 429/12 is divided by x?
8
Suppose -w + 3 = -0. Suppose -w*i + 2*i = 42. Calculate the remainder when 16 is divided by i/7*(-2)/2.
4
Suppose 2*o - b - 60 = 78, -b = 5*o - 359. Calculate the remainder when o is divided by 18.
17
Let n be 3/(3 - 4) - -18. Suppose 0 = 4*w - 25 - n. What is the remainder when 19 is divided by w?
9
Let r = -24 - -45. Suppose 2*t = -4*k + 36, 3*k - 4*t - 2 = 25. Suppose g = n + 3*n - k, n + 28 = 3*g. What is the remainder when r is divided by g?
10
Let v = 21 - 13. Calculate the remainder when 39 is divided by v.
7
Suppose -73 = -5*u + 12. What is the remainder when 50 is divided by u?
16
What is the remainder when 27 is divided by 1*-30*(1 + 4/(-3))?
7
Suppose -4*x + 4 = -12. Suppose 14 = x*v + 2. What is the remainder when v + -1 + 0 - -23 is divided by 9?
7
Suppose -5*q - 6 = -8*q. What is the remainder when 6 is divided by q?
0
Suppose y - 4 = 10. Let m(i) = -i + 2. Let f be m(-3). Let a = f + y. Calculate the remainder when a is divided by 7.
5
Suppose 4*u = -4 + 16. Suppose 2 = 2*o, 5*k + u*o + 20 - 3 = 0. What is the remainder when 5 is divided by (1 - 0) + 6 + k?
2
Let m = 24 - 16. Suppose -3*f + c - 2 + 8 = 0, 2*c - 10 = -5*f. Suppose -x + 66 = f*x - z, -x + 35 = 4*z. What is the remainder when x is divided by m?
7
Let u(z) = 6*z + 6. Let t(h) = -5*h - 5. Let r(f) = -5*t(f) - 4*u(f). Let j(y) = 2*y - 1. What is the remainder when j(3) is divided by r(2)?
2
Let t(m) = -m**2 - 7*m + 4. Let q be t(-7). Suppose 0 = -2*d + q*b + 48, -3*d = d + 2*b - 106. Let n = -12 + d. What is the remainder when 26 is divided by n?
12
Suppose 4*p - 16 = -4*f, -3*p = -p - f - 8. Suppose -p*r = 25 - 177. What is the remainder when r is divided by 13?
12
Let n = -45 - -72. Let g = 47 - n. Suppose -4*r + r = -21. Calculate the remainder when g is divided by r.
6
Let o be (2 - (-10)/(-4))*-106. Suppose -q - o = -5*r, 0 = 5*r + q - 21 - 36. What is the remainder when 31 is divided by r?
9
Suppose -4*o - 5*j + 44 = 0, -5*o + 5*j + 0 + 10 = 0. Calculate the remainder when 10 is divided by o.
4
Suppose 0 = 2*w - 4*w - 6. Let u(x) = x**2. Let k = 69 - 44. What is the remainder when k is divided by u(w)?
7
Let t = 99 - 64. Calculate the remainder when t is divided by 18.
17
Let n(m) = -m**3 - 5*m**2 - m - 1. Let j be n(-5). Suppose -11 = -p - j*t, p + 0*t + 3*t = 14. Let i = 8 - 0. Calculate the remainder when p is divided by i.
7
Let f(d) = d**3 + 8*d**2 - d + 8. Let y be f(-7). Let n = -40 + y. What is the remainder when 45 is divided by n?
21
Let h = 2 + 26. Calculate the remainder when 139 is divided by h.
27
Suppose 4 = k - 3. What is the remainder when 26 is divided by k?
5
Let u(d) = d**3 - 14*d**2 + 13*d + 2. Let m be u(13). Suppose -m*q + 2 + 0 = 0. Suppose 3*c - 6 - 3 = 0. Calculate the remainder when c is divided by q.
0
Let x = -3 + 4. Let u be (0 - 0) + 1 + -1. What is the remainder when 38 - x - u/2 is divided by 13?
11
Suppose -2*w + 1 + 5 = 0. Suppose -8*s + 11 = -4*s - q, 0 = s - 2*q - 1. What is the remainder when s is divided by w?
0
Suppose -5*r = 3*f - 0*f - 83, f - 30 = -4*r. Let g(v) = -v**2 + 5*v + 7. Suppose 0 = -3*x + 3 + 12. What is the remainder when f is divided by g(x)?
5
Calculate the remainder when 4 is divided by ((-6)/15)/((-2)/10).
0
Let d be 204/18*6/(-2). Let y(k) = -k**3 + k + 9. Calculate the remainder when d*(3/6 + -1) is divided by y(0).
8
Suppose 5*h - 270 = 5*r, -3*r - 268 = -5*h + r. Calculate the remainder when h is divided by 9.
7
Let c be 4/22 + (-155)/(-55). What is the remainder when 1 + (c - 5) + 30 is divided by 16?
13
Let b = -1 - -3. Suppose -4*w - 2*v + 158 + 50 = 0, -b*v = 5*w - 262. Calculate the remainder when w is divided by 19.
16
Let h(j) = -j**2 - j + 15. Let b be 0*2*(-4)/(-8). Calculate the remainder when 59 is divided by h(b).
14
Suppose -2*a = -0*a - 32. Suppose -3*v = -6 + 18. Calculate the remainder when a is divided by 5 + 4/(0 - v).
4
Let t(k) = -24*k**3 + k - 1. Let a be t(1). Let d = 38 + a. Calculate the remainder when 27 is divided by d.
13
Suppose -4 = 4*s - 20. Calculate the remainder when s is divided by 4.
0
Suppose 0 = -u + 17 - 5. What is the remainder when (-100)/(-3) - (-4)/6 is divided by u?
10
Let g = -5 - -11. Calculate the remainder when (-14)/((34/119)/(6/(-14))) is divided by g.
3
Suppose -5*i + 5*w + 75 = 0, 7*i - 2*i = 2*w + 60. Let v = 18 - i. What is the remainder when 22 is divided by v?
6
Suppose 2*t = 5*x - 110, t - 3*t = 3*x - 50. Calculate the remainder when x is divided by ((-2)/6)/(11/(-231)).
6
Calculate the remainder when (-127)/(-8) + (-6)/(-48) is divided by 4.
0
Let n(f) = -f**3 - 5*f**2 + 3*f - 6. Calculate the remainder when 54 - -1 - ((-9)/9 - 3) is divided by n(-6).
11
Let k(i) be the first derivative of -i**3/3 + i**2/2 + 26*i - 1. What is the remainder when k(0) is divided by 14?
12
What is the remainder when (-1 + 36/20)/(6/195) is divided by 25*3/30*4?
6
Suppose 5*d - y - 10 = 10, -4*d + y = -15. What is the remainder when 8 is divided by d?
3
Suppose 2*q + q - 35 = -5*d, 2*q = 0. What is the remainder when 19 is divided by d?
5
Suppose 10*p = 5*p + 145. What is the remainder when p is divided by 15?
14
Suppose 0 = 3*y + 4*c - 3*c - 63, 0 = -4*y - 5*c + 73. What is the remainder when 83 is divided by y?
17
Suppose -3*n + 18 = -2*n. What is the remainder when 0 + 0 + (n - 9) is divided by 4?
1
Let s(p) = p - 11. Let k be s(14). Let z(q) = q**2 - q. Suppose 0*y + 20 = 5*y. Calculate the remainder when z(k) is divided by y.
2
Let y = -2 - 14. Let i = -3 - y. What is the remainder when 38 is divided by i?
12
Calculate the remainder when 35 is divided by (-1)/(-4) + (55/20 - -6).
8
Suppose m = -36 - 5. Let v = 2 - m. What is the remainder when v is divided by 15?
13
Let d(f) = -48*f**3 + f**2 + 2*f + 1. What is the remainder when d(-1) is divided by 10?
8
Let l(f) = -2*f**2 - 22*f - 9. Let p be l(-11). Let g be (-130)/6 - (-1)/(-3). Let n = p - g. Calculate the remainder when n is divided by 8.
5
Let v be (-4)/(-2) + -11 + -3. Calculate the remainder when (-450)/v + 1/2 is divided by 20.
18
Let i(l) = 14*l - 1. Let g be (-4)/12*(-2 - -2). Let z be (-1)/(-1) - g/5. Calculate the remainder when 49 is divided by i(z).
10
What is the remainder when 19 is divided by 156/38 + (-58)/551?
3
Suppose 6*h - 37 - 17 = 0. What is the remainder when 42 is divided by h?
6
Let a(h) = 4*h**2 - 7*h - 53. Let o(c) = -c**2 + 2*c + 13. Let w(l) = 2*a(l) + 9*o(l). What is the remainder when 84/9 - 2/(-3) is divided by w(5)?
4
Let n(v) = -v**3 - v**2 - 2*v - 1. What is the remainder when 43 is divided by n(-3)?
20
Let t = -62 + 88. What is the remainder when t is divided by ((-28)/(-3))/((-8)/(-12))?
12
Suppose b = -4*s + 22, -s = -4*b - 6*s + 132. Let j = b + -17. What is the remainder when j is divided by 12?
9
Suppose 3*h + j + 15 = -13, -2*h - 5*j - 23 = 0. Let b = 7 + h. What is the remainder when 4*b*(1 - 3) is divided by 9?
7
Suppose z = -5*k - 7, 3*z - 2*k - 3 = -5*k. Let h = 13 + z. Calculate the remainder when h is divided by 9.
7
Suppose 0 = 10*a + 9*a - 228. Suppose -j - 57 = 5*m - 312, -3*m + 4*j = -130. Let u = 71 - m. Calculate the remainder when u is divided by a.
9
Let z = 29 + -20. What is the remainder when z is divided by 3?
0
Suppose 0 = l - 5 - 8. Let j = -70 + 1